3/2)/((-2)/(-148)). Suppose 4190 = 17*i - a. List the prime factors of i.
11, 23
Suppose 0 = -t - 3*f + 15, -3*t + 0*f = -3*f + 15. What are the prime factors of 1/(6/3516) - (t + 3)?
11, 53
Let y be (-4)/(-2) + (-14)/(-14). Let n(s) = 58*s**2 + 8*s - 30. What are the prime factors of n(y)?
2, 3, 43
Let n be -1*((-1)/(-3))/((-2)/18). Suppose 4*t - 6*t - 4*m = -380, -4*m + 562 = n*t. What are the prime factors of t?
2, 7, 13
Suppose -3*v = -2*r - 102, -177 = -5*v - 8*r + 9*r. What are the prime factors of v?
2, 3
Let r = -13 - -12. Let v be (576/56)/(r/(-21)). Suppose v = 6*f - 0*f. List the prime factors of f.
2, 3
Suppose 2*d = -81*d + 913. Let p(o) = -o**3 - 2 + 0*o**3 + 12*o**2 - 5 + 28 - 11*o. What are the prime factors of p(d)?
3, 7
List the prime factors of (46 - 40) + (-1 - 9) - (0 - 2738).
2, 1367
Let h = -24831 + 35558. List the prime factors of h.
17, 631
Let k(w) = w**2 - 32*w - 40. Let b be k(33). Let a(h) = -h**2 + 9*h + 4. Let l be a(7). Let u = b + l. List the prime factors of u.
11
Let s = -147 + 4647. Suppose 39*k = 20343 + s. What are the prime factors of k?
7, 13
Let g(j) = -6*j**3 - 23*j**2 + 16*j - 15. Let b(i) = 5*i**3 + 20*i**2 - 16*i + 15. Let z(x) = 5*b(x) + 4*g(x). List the prime factors of z(-8).
11, 13
Let y = 15545 + -7331. What are the prime factors of y?
2, 3, 37
List the prime factors of ((-2921)/3 + -3)*(-12 + 21/(-7)).
2, 5, 293
Let w(r) = 1666*r**3 - 39*r**2 + 14*r - 31. List the prime factors of w(3).
2, 13, 17, 101
Let k be (-1)/4 - (-5)/20. Let a = k + 3. What are the prime factors of (6 + a)/(2/18)?
3
Let a = 1518 + -491. What are the prime factors of a?
13, 79
Let c be 2*(-2 + 14/4) + 3. Let l(o) = 2*o**3 - 10*o**2 + 13*o + 1. List the prime factors of l(c).
151
Suppose 0 = -f - 0*f - 2*s + 197, 0 = -f - 4*s + 201. Suppose -z + 809 = f. What are the prime factors of z?
2, 7, 11
Suppose 1 + 7 = 4*z. Let v be (0 + z)/((-10)/(-65)). Suppose -v*t + 185 = -400. What are the prime factors of t?
3, 5
Suppose -2*h + 11165 = -5185. What are the prime factors of h?
3, 5, 109
Let i = -3617 + 3699. Let l be 2*(-1)/(-2)*-21. What are the prime factors of i*l/(-30) - (-10)/(-25)?
3, 19
What are the prime factors of ((-81)/(-12))/((-48)/(-224896))?
2, 3, 7, 251
Let q(n) = -32 - 23*n + 13 - 33. Suppose 11*s = 13*s + 20. List the prime factors of q(s).
2, 89
Let u be (-4)/((-12)/(-81))*(-110)/66. What are the prime factors of (u/54)/(-1 + 875/870)?
5, 29
Suppose -15*x = -0*x - 165. Suppose -3752 = x*b - 19*b. List the prime factors of b.
7, 67
Suppose 47*v = 42*v + 2*t + 35935, 5*v + 3*t - 35935 = 0. What are the prime factors of v?
7187
Let w be 16/(-40) - 2908/5. Let j = -215 - w. Let o = j + -181. What are the prime factors of o?
2, 3, 31
Suppose -2*z - 13292 = -4*n, -3*z - 3*n = 2*n + 19894. List the prime factors of (-3)/(-6) + z*(-1)/4.
2, 5, 83
Let j(c) = 216*c**3 + 4*c**2 - 2*c - 5. Let p be j(2). Let a = p - 1050. List the prime factors of a.
5, 137
Let u(w) = 2*w**3 + 41*w**2 + 23*w + 63. Let s be u(-20). Suppose 0*q - 2*q = 3*b - 2470, 3*q - 2472 = -s*b. List the prime factors of b.
2, 3, 137
Let s(f) = 24*f**2 - 19*f - 180. Let t(w) = -17*w**2 + 13*w + 120. Let o(z) = -5*s(z) - 8*t(z). What are the prime factors of o(-8)?
2, 7, 37
Let r(p) = p**3 + 7*p**2 + 10*p + 1. Let b be r(-3). List the prime factors of (-29)/(-4)*6*(b + -1).
3, 29
Suppose u + 11912 = 26*k - 24*k, -u + 29787 = 5*k. List the prime factors of k.
7, 23, 37
Suppose 0 = -z + 3*a + 34596, -4*z + 163*a = 164*a - 138475. List the prime factors of z.
3, 11, 1049
Let y(d) = -80*d**3 - 5*d**2 - 43*d - 7. What are the prime factors of y(-4)?
3, 5, 347
Let z = -375 + 370. List the prime factors of 3787/(-35)*z*(2 + -1).
541
Let p(h) be the first derivative of -h**5/20 - h**4/12 + h**3/3 + h**2/2 + 33*h + 22. Let r(a) be the first derivative of p(a). List the prime factors of r(-5).
7, 13
Let p be (-5461)/(-172) + (6/(-8) - -1). Suppose -23*x + p*x - 2889 = 0. List the prime factors of x.
3, 107
Let i be ((-7)/21)/(4/(-72))*-2. List the prime factors of (0 + i)*804/(-24).
2, 3, 67
Let m(b) = -5*b**2 - 114*b - 33. Let a be m(-18). Let q = a + 194. List the prime factors of q.
593
Let r(o) = -o**3 + 13*o**2 + 3*o + 5. Let b = 65 + -56. What are the prime factors of r(b)?
2, 89
Suppose -2*a + 96 = -4*f, -5*f + 4*f = 5*a - 218. Let v be 1/(2/(-25))*-4. Suppose -a*c = -v*c + 642. What are the prime factors of c?
107
Let l(j) = 90*j**2 - 137*j - 1053. List the prime factors of l(-8).
7, 829
Let p be -2 - -634 - (-4 + -3). Suppose 3*r + 2*j = 6*j + 976, -2*r + 5*j = -p. What are the prime factors of r?
2, 83
Let q be (8/20)/(-7 + (-89034)/(-12720)). What are the prime factors of -3 - ((2 - -1) + q)?
2, 421
Let d(a) = 2*a**3 + 204*a**2 + 468*a + 27. What are the prime factors of d(-99)?
3, 463
Let x(s) = -94*s - 315. List the prime factors of x(-11).
719
Let n(y) = 8*y**2 - 40*y + 4. Let j = 199 - 190. List the prime factors of n(j).
2, 73
Let g = -37929 + 82853. What are the prime factors of g?
2, 11, 1021
Let b(w) = -w**3 - 9*w**2 + 8*w + 71. Let a be b(-14). Let p = a - 465. What are the prime factors of p?
2, 3, 79
Let j be (-29)/((-30)/72*4/(-30)). Let x = -331 - j. What are the prime factors of x?
191
Suppose -18*a + 53221 + 55121 = 0. What are the prime factors of a?
13, 463
What are the prime factors of (-809852)/(-28) + (-345)/(-483)?
2, 7, 1033
Let p(q) = 379*q - 14. Let m be p(1). Suppose 3*h = 2*t - 720, -12*t + m = -11*t - 4*h. What are the prime factors of t?
3, 7, 17
Suppose 62*h = 15*h + 20*h + 102789. List the prime factors of h.
3, 47
Suppose -5*g = -5*y + 11045, -4*g = 4*y - 3*y - 2229. What are the prime factors of y?
2213
Let i = -27 - -91. Let p = i - -623. List the prime factors of p.
3, 229
Let c = 71 + -47. Let i(q) = 3*q + 4. What are the prime factors of i(c)?
2, 19
Suppose -5*f + 259957 = 2*r, 182*f - 103984 = 180*f - r. List the prime factors of f.
7, 1061
Let z(k) = -23*k + 19. Suppose -4*h - 5 = -17, u + 3*h - 2 = 0. Let v be z(u). Suppose 208 + v = 2*s. What are the prime factors of s?
2, 97
Let r(h) = -567*h + 8443. What are the prime factors of r(-15)?
2, 19, 223
Let a = 59 + -52. Suppose -12 = -a*u + u. Suppose 11*j = u*j + 738. List the prime factors of j.
2, 41
Suppose -14*s + 5*s + 25452 = 0. Suppose -1390 - s = -6*k. List the prime factors of k.
19, 37
Let b = -10545 + 35339. What are the prime factors of b?
2, 7, 11, 23
Let w = 49 + -45. Suppose -w*q + 217 = -35. List the prime factors of (-1 + 2 - (-2)/6)*q.
2, 3, 7
Let d(z) be the second derivative of 2*z**4/3 + 1661*z**2/2 - z - 151. What are the prime factors of d(0)?
11, 151
Let o(l) = l**3 + 40*l**2 + 99*l + 26. Let d = -137 - -100. What are the prime factors of o(d)?
2, 5, 47
Suppose 29*a + 229476 = 32*a + 4*w, 0 = -5*a + 2*w + 382460. List the prime factors of a.
2, 13, 1471
Let c(l) = l**2 - 4*l - 158. Let t be c(25). Suppose t*b = 368*b - 1327. List the prime factors of b.
1327
Let d(b) = b**3 - 10*b**2 - b + 24. Let j be (2 - -6) + -2*(-3)/3. Let o be d(j). Suppose 725 = o*x - 9*x. List the prime factors of x.
5, 29
Let i be (15/(-25))/((-1)/15). Let r(a) = 2*a**2 + 3*a + 9. Let y(g) = g**2 - 1. Let m(k) = -r(k) + 3*y(k). What are the prime factors of m(i)?
2, 3, 7
Let j(v) = -v + 26. Let d be j(-13). Suppose -2*x - n = 2*x + 108, -n + 126 = -5*x. Let t = x + d. What are the prime factors of t?
13
Let b(u) = 9*u - 41. Let z be b(12). Let a = 63 - z. What are the prime factors of (-470)/a - (1 - (-20)/(-8))?
7, 17
Let f = -6373 - -13666. What are the prime factors of f?
3, 11, 13, 17
Suppose -60 = -64*t + 58*t. Suppose t*b - 6067 = 2313. List the prime factors of b.
2, 419
Let q(r) = 213*r**2 + 11*r - 7. Let s(a) = -2*a. Let p(y) = q(y) + 3*s(y). List the prime factors of p(3).
5, 7, 11
Let p(i) = -2*i**2 + 19*i - 13. Let w be p(9). What are the prime factors of 426/w*(-40)/15?
2, 71
Suppose -419*c - 4203 = -3*l - 413*c, 5*l = -4*c + 7075. What are the prime factors of l?
17, 83
Suppose -3*f - 3*l + 14 - 5 = 0, -2*l + 3 = -f. Let w(b) = 104*b**2 + b**2 + 18 - 9 - 11 - 2*b + 4*b. What are the prime factors of w(f)?
3, 5, 7
Suppose 13*p = 10*p - 192. Let v = p - -66. Suppose -3*y + v*y + 1076 = 5*a, 4*y + 448 = 2*a. What are the prime factors of a?
2, 3
Let